72. Suppose -4*z - 17 = 5*j, g*j = -21 + 6. Let l(i) = -i + 4*i + 3*i + 1. Calculate l(z).
13
Let t(a) = a**3 + 7*a**2 + 8*a + 14. Suppose -4*k - 4*h = 0, -4*k - 5*h - 36 = -7*h. Give t(k).
2
Let h(y) = -y - 12. Let d(t) = 11*t + 96. Let g(c) = -2*d(c) - 18*h(c). Determine g(7).
-4
Let m(c) be the first derivative of -4*c**2 - 6*c + 58 - 1/3*c**3. What is m(-7)?
1
Suppose -3*k - 26 - 7 = 0. Let s(d) be the first derivative of d**3/3 + 6*d**2 - 167. Give s(k).
-11
Let m(x) = -15*x**3 + x**2. Let s(a) = -a**3 + 22*a**2 - 40*a + 12. Let b be s(20). Suppose -66*d + 54 = -b*d. What is m(d)?
-14
Let d be (0 - 38) + -9*13/39. Let t(c) = -c**3 - 40*c**2 + 43*c + 72. What is t(d)?
-10
Let q(n) = 3*n**2 + 20*n + 3. Let w(f) = -4*f**2 - 29*f - 5. Let m(c) = -7*q(c) - 5*w(c). What is m(-3)?
-20
Suppose 40*k = -81*k. Let c(v) be the third derivative of 5/6*v**3 - 1/60*v**5 + 9*v**2 - 5/24*v**4 + 0*v + k. Give c(-7).
-9
Let c(d) = d**3 - 7*d**2 + d - 8. Suppose -88 = 2*q - 6*q. Let u = 25 - q. Suppose 0 = -u*m + 18 + 3. Calculate c(m).
-1
Let y(c) be the first derivative of -c**4/4 + 11*c**3/3 - 13*c**2 - 20*c + 13388. Determine y(7).
-6
Let i(g) = 2793*g + 54 + g**2 - 2797*g - 41. Determine i(9).
58
Let w = -50 + 51. Let u(y) = -280*y**2 + 63*y. Let t be 4 - (-3 - -5) - 4. Let l(g) = -9*g**2 + 2*g. Let k(x) = t*u(x) + 63*l(x). Calculate k(w).
-7
Let t(c) be the third derivative of -5*c**4/24 - 7*c**3/2 + 61*c**2 + c. Calculate t(2).
-31
Let p(c) = c**2 + 2*c - 3. Let g be p(-5). Suppose -12 = -g*f + 11*f. Suppose k + 9 = -5*s, 2*k + k + f = 0. Let l(a) = a + 2. Determine l(s).
1
Let t(c) = 6*c + 2 + 3*c**2 + c**2 - 3*c**2 - 2*c**2. Let w be 7/((-1)/2*(42 + -44)). What is t(w)?
-5
Let g(q) = -3*q**2 + 25*q - 54. Suppose -269*t - 39 = -274*t - o, 3*t - 4*o = 5. What is g(t)?
-26
Suppose -45 = -5*g - 3*p + 34, -p = 4*g - 59. Suppose 0 = -g*n + 4*n. Let h(w) = 2*w - 4*w + n*w + w - 2. What is h(3)?
-5
Let g(p) be the third derivative of -1/30*p**5 + 0*p + 0 - 1/6*p**3 + 1/120*p**6 + 1/24*p**4 + 125*p**2. Let d(h) = 3*h**2 - 1. Let q be d(1). What is g(q)?
1
Suppose 10*q + 50 = 0, 5*b + 3*q + 83 = 88. Let z(l) = -3*l**3 + 7*l**2 - 4*l + 3. Determine z(b).
-93
Let v(y) = y - 1. Let o = 91 + -69. Suppose -o*j + 18*j = -20. What is v(j)?
4
Let z(w) = -28*w**2 - 10 - 9*w - 37*w**2 - 46*w**2 + 110*w**2. Give z(-1).
-2
Let h(p) = 59 - 138*p - 144*p + p**2 + 265*p. Calculate h(6).
-7
Let j(x) = -x**3 + 8*x**2 + 3*x - 6. Let a(u) = 32*u - 184. Let l(t) = 29*t - 183. Let d(m) = -4*a(m) + 5*l(m). Let o be d(11). What is j(o)?
18
Let m(x) be the second derivative of x**6/360 + x**5/15 - x**4/2 - 17*x**2/2 + 3*x - 3. Let s(a) be the third derivative of m(a). Give s(-6).
-4
Suppose 3*z - 5*z - y = -176, 0 = -5*z - 5*y + 435. Let q(s) = 1 + z*s**2 + s + 0 - 3*s - 92*s**2. Give q(-4).
-39
Let v(z) = -3*z**2 + 2*z - 1. Let f(x) be the first derivative of x**3/3 - x**2 + 63. Let j(g) = 2*f(g) + v(g). Calculate j(-1).
0
Let a(l) = -2*l**2 + 119*l + 1484. Let h be a(70). Let u(y) = y**3 - 13*y**2 - 11*y - 45. Determine u(h).
-3
Let n be (-2)/13 + 96/(-52). Let r(c) = 2299 + 0*c**3 - 2304 + c**3 - 5*c - 2*c**2. Calculate r(n).
-11
Let p(f) = 0 + 1 + 1 - f**2 - 1. Let t(s) = 3*s**2 + 7*s - 12. Let v(u) = 4*p(u) + t(u). Calculate v(7).
-8
Let u(a) = -2*a**2 - 3*a - 3. Suppose -2*l - 3*m + 0*m = -10, -2*l = 5*m - 10. Suppose 14 = -l*n - 4*c, 0*c + 5*c = n - 3. What is u(n)?
-5
Let g(l) = -l**2 + l + 69. Let c(v) = -3*v**2 - 5*v + 111. Let j(n) = c(n) - 2*g(n). Give j(-6).
-21
Suppose s = 3*i + 63, -138 = -2*s + 51*i - 49*i. Suppose 64*l = 52*l + s. Let w(f) = -3*f + 2*f - 3 + 8. Calculate w(l).
-1
Let k(w) = -3*w**2 + 1. Let s be 0*((2 - 5) + 5/2). Suppose s = -i + n + 11, i - 2*i = -2*n - 14. Suppose -i + 12 = 4*v. Give k(v).
-2
Let g be (-240)/(-114) + 18/(-171). Let h(p) = -p + 2. Let i(s) = -s - 2. Let q(z) = g*h(z) - i(z). What is q(4)?
2
Let q(r) be the first derivative of -4*r + 47 + 7/3*r**3 - 1/4*r**4 - 4*r**2. Determine q(6).
-16
Let a(t) = 10*t + 110. Suppose 2*g = -m + 3, 9*m - 4*g - 5 = 12*m. What is a(m)?
0
Let r(z) = 35*z**3 + z**2 - 8*z + 6. Let u(p) = -p**3 + p**2 + p - 2. Let c(j) = -r(j) - 4*u(j). Determine c(1).
-30
Let c(v) be the first derivative of 13*v**2/2 + 9*v - 7800. Determine c(2).
35
Let x(i) = 26*i + 25. Let w = 25287 - 25290. Determine x(w).
-53
Let c be (261/(-406) - (-3)/21)*(-1 + 1). Let l(w) = w**3 + w**2 - 7*w - 7. What is l(c)?
-7
Let y(z) = 1939 + 1934 + 1941 + 4*z - 5795. Give y(-20).
-61
Let i(a) = 3*a - 2*a + 26*a**2 - 11*a - 25*a**2 + 4*a + 3. Determine i(9).
30
Let c = 37280 - 37268. Let k(p) = p**2 - 12*p - 15. Determine k(c).
-15
Let r(u) = -u**2 - 16*u - 14. Let d be 765/153 - 1*21. Determine r(d).
-14
Let z be 3 + (1/1)/(-9 - -10). Suppose -4*o - 9 = z*a - 1, -5*o = 3*a + 16. Let j(c) = c**2 + 3*c + 3. Determine j(o).
13
Suppose 32*w + 4 = 34*w. Suppose -5*v + 52 = 4*d - v, w*d - 1 = 3*v. Let c(s) = -d*s + 3*s - 21*s**3 + 7*s - s**2 - 1. Give c(1).
-21
Let c(l) = -l + 1. Suppose 3*a = 18 + 15. Let q(b) = -180*b + 22*b + 3 + 155*b. Let j(y) = a*c(y) - 4*q(y). Calculate j(5).
4
Let q(w) = 12*w**3 - 6*w**2 + 15*w - 17. Let u(y) = 5*y**3 - 2*y**2 + 6*y - 8. Let n(h) = -3*q(h) + 7*u(h). Give n(4).
-17
Suppose 4*a - 4*w = -a + 18, -4*a + 16 = -4*w. Let y(o) = 5 - 15*o + 3*o**2 + 2 + 3 - 4*o**a + 2. Determine y(-16).
-4
Let c(v) = v**3 + 5*v**2 - 3*v - 4. Suppose 1324 = -145*q + 454. What is c(q)?
-22
Let r(z) = 582*z - 310*z - 294*z. Let o = 88 - 89. What is r(o)?
22
Suppose 1028 = 7*z - 267. Suppose z = -7*o - 137. Let n = -49 - o. Let c(r) = -5*r + 2. Determine c(n).
17
Let m(k) = k**2 - 4*k - 7. Let c be (-1)/(-2) - (-30)/4. Suppose 0 = -12*b + c*b + 8. Suppose -4*a = -b*a - 10. Determine m(a).
-2
Let o(f) be the first derivative of -5*f - 1/2*f**2 + 63. Determine o(0).
-5
Let t(v) = 3*v**2 + v + 1. Suppose 2*l + 2*l = 32. Let s(j) = -5 + l*j**2 - 4*j - 14*j**2 - 7*j**2. Let u(i) = 2*s(i) + 9*t(i). Give u(-3).
5
Let s(w) = w**2 + 2. Let v be s(0). Let y be (-1)/5*v + 3276/90. Suppose 41*n = y*n + 20. Let u(m) = -m**2 + 4*m - 2. What is u(n)?
-2
Let b(q) = -q**3 + 6*q**2 + 7*q + 2. Suppose -2*u - 2*o = -3*o - 11, -41 = -5*u - 2*o. Let g be b(u). Let r(k) = -4 + 0 + 1 - g*k + 10. Calculate r(7).
-7
Let u = 9960 + -9960. Let r(m) = -m**3 + 2*m**2 + 5*m - 3. Determine r(u).
-3
Let b(r) be the first derivative of -2*r**3/3 - 9*r**2/2 - 12*r + 160. Let i(t) be the first derivative of b(t). Give i(-5).
11
Suppose 55 = 4*r - m, r - 7*m = -8*m + 15. Let j(l) = -l**3 + 14*l**2 + 7*l - 95. Calculate j(r).
3
Let k(t) be the first derivative of -9*t**2/2 - 6*t - 6047. Determine k(-2).
12
Suppose 3*b - b = 0. Suppose b = -12*g + 5*g - 28. Let l(k) = -k**3 - 4*k**2 - 5*k - 3. Let d(i) = i**2 - 1. Let n(o) = -2*d(o) + l(o). Calculate n(g).
-13
Suppose -3*g + 2 = -19. Let c(a) = 0*a - a - 3*a + g*a - 1. Let r be c(1). Let k(o) = -o**3 + o**2. Give k(r).
-4
Suppose -4*p - 2 = -14. Suppose 9*j = 22*j - 39. Let x(o) = 8*o + 2 - j*o - 7*o + o. Determine x(p).
-1
Let m(z) = 1 + 1188*z**2 - 2374*z**2 + 1172*z**2. Calculate m(1).
-13
Let b be (-20)/130 + 1048/52. Suppose -u - 5*q - b = 0, 2*u + 4*q - 11 = -27. Let p(g) = -g**3 + g**2 - g + 1. What is p(u)?
1
Let w(o) be the first derivative of -o**3/3 + 4*o**2 + 10*o + 1. Let k = -555 - -538. Let i(b) = -b**3 - 17*b**2 - 5*b - 76. Let j be i(k). Calculate w(j).
1
Let d(g) be the second derivative of -14*g**3/3 - 23*g - 4. Calculate d(-1).
28
Let t(b) = 2*b - 5 - 5*b + b. Let x = 1687 - 1685. Let g(p) = -4*p - 10. Let a(n) = x*g(n) - 5*t(n). Determine a(4).
13
Let m(v) = v + 2. Let r(j) = 4 + 3 - 5 + 4 - j. Let a(o) = -2*m(o) - r(o). Determine a(-8).
-2
Let r = -11 + 29. Let j(h) be the first derivative of -h**4/2 + 35*h**3/3 + 19*h**2/2 - 13*h - 61. Let b be j(r). Let i(p) = p - 6. Give i(b).
-1
Let v(w) = -2 - 29464*w**2 - 29463*w**2 + 58936*w**2 - 16 + w**3 + 7*w. Give v(-8).
-10
Let y(k) be the second derivative of 0 - 8*k - 1/60*k**5 + 0*k**2 + 7/3*k**3 - 1/12*k**4. Let z(b) be the second derivative of y(b). What is z(-4)?
6
Suppose -29 = -15*k + 16. Let f(w) = w - 6. Let i(t) = -t + 8. Let j(q) = 3*f(q) + 2*i(q). Calculate j(k).
1
Let b(l) be the first derivative of l**2/2 - 6*l - 119. Let c(j) = j**2 -